. What is the units digit of v?
5
Let b be 48/10 + (-3)/(-15). Let n be (-1 + (-4)/(-8))*1*-10. Suppose b*u - 98 = -3*v, -47 = -v + 3*u - n. What is the units digit of v?
6
Let q(g) = -g**2 + 14*g - 23. Let o be q(11). Let w = 24 - o. What is the tens digit of w?
1
Suppose -330*v = -352*v + 60918. What is the hundreds digit of v?
7
Let i = -3 + 5. Suppose i*s = -54 + 14. What is the tens digit of 2*1 - (s + -1)?
2
Suppose 0 = -3*r + 2*i + 5, 4*r - 4 = -3*i - 3. What is the hundreds digit of (-202 + r)/(-1) - -2?
2
What is the tens digit of (-3)/4 - (-10 - 6295/20)?
2
Let f be (-31)/(-5) + 12/15. Let w(r) = 4*r**3 - 2*r + 2. Let p be w(-3). What is the tens digit of f/((-14)/p) - 0?
5
Suppose x + 2*t - 1303 - 889 = 0, 3*x - 3*t - 6567 = 0. What is the thousands digit of x?
2
Let w be ((-16)/(-32))/((-1)/2). Suppose -3*b - 11 + 29 = 0. Let m = b - w. What is the units digit of m?
7
Suppose -1 = 5*c + 2*l - 8, -4*l = 16. Suppose -c*v - 11 = -2*a, -v = -2*a + a + 5. What is the units digit of a?
4
Suppose 2*r + 33 = 43. Suppose r*d - 702 = -242. What is the units digit of d?
2
Let x(a) = -a**2 - 12*a + 5. Let c be x(-12). Suppose -4 = c*f - f, -f + 64 = u. What is the tens digit of u?
6
Let o(c) be the second derivative of c**6/36 - c**5/120 + c**4/12 - c**3/3 - 2*c. Let z(h) be the second derivative of o(h). What is the units digit of z(2)?
0
Suppose -4*b = 2*m - 600, -31*b = -3*m - 27*b + 870. What is the tens digit of m?
9
Suppose -4*a + 16 = 4. Suppose -f - 78 = -a*f. What is the tens digit of f?
3
Let y(x) = 18*x - 1. Let h(k) = k + 11. Let o be h(-8). What is the tens digit of y(o)?
5
Let p(u) = 146 + 3*u - 3*u - 4*u - 138. What is the tens digit of p(-3)?
2
Let h be 2/(-6) + (-3360)/(-36). Let i = -44 - 7. Let w = i + h. What is the units digit of w?
2
Suppose 2*a = -4*l + 1872, l = -0*l + 2*a + 478. Let j = l + -212. What is the units digit of j?
8
Let b be -1 + (-2)/(-1) + 4. Let a = 1 + b. What is the units digit of (-57)/(-9) + a/9?
7
Let z(f) = -f**3 - 8*f**2 - 4*f + 16. Suppose t = 3*t. Suppose 2*r + 2*r + 32 = t. What is the tens digit of z(r)?
4
Let s = -40 - -36. What is the units digit of (-331)/s - ((-119)/28 + 4)?
3
Let b be 159/(-6) - (-7)/(-14). What is the tens digit of ((-180)/b)/(2/9)?
3
Let p = 1643 - 832. What is the hundreds digit of p?
8
Let i(a) = 15*a**2 + 3*a + 4. What is the hundreds digit of i(-5)?
3
Let k(l) = 203*l**2 + 3*l + 1. Let b be (-3)/(-12)*2 - (-6)/(-4). What is the units digit of k(b)?
1
Suppose -t = 3*t. Let a(q) be the second derivative of q**5/20 + q**4/12 + q**3/6 + 21*q**2/2 + 58*q. What is the units digit of a(t)?
1
Let h(k) = 24*k**2 - 19*k + 108. What is the tens digit of h(5)?
1
Suppose 3*a + 24 = 2*g + 4, -3*g + 16 = -a. Suppose -3*d + g = -2*d - 2*w, 0 = 4*d - w - 37. What is the units digit of d?
0
Suppose -6*i = -2*i + 1984. Let t be i/10 + (-14)/35. What is the units digit of (-170)/t - (-4)/(-10)?
3
Let q be 0/(-3) + 3 + 21. Let v = -9 + q. What is the units digit of 358/v + (-2)/(-15)?
4
Suppose 2*x + 2*d - 6 = 0, -4*x + 0*d + 4*d - 20 = 0. What is the units digit of 8 - (x + -1 - -3)?
7
Suppose 3*z = 987 + 432. What is the units digit of z?
3
Let o(r) = r**3 - 8*r**2 - 3*r - 4. Let n be o(8). What is the tens digit of ((-48)/7)/(4/n)?
4
Suppose b - 2*z = -z + 66, -1 = -z. What is the units digit of b?
7
Suppose -3*t - 2*h + 2012 = 12, -5*t - 4*h = -3330. What is the tens digit of t?
7
Let z(c) = c**2 + 6*c - 1. Let u be z(-6). What is the tens digit of 91 - u/((-3)/(-6))?
9
Let h(t) = 123*t - 5. Let x be h(8). Suppose 0 = -4*j - 5*n + x, -j + 3*n + 249 = -0*n. What is the units digit of j?
6
Suppose 5*d + 3 = 6*d. Suppose 0 = -2*q - k + 25, -d*q + 0*q + 3*k + 24 = 0. What is the units digit of 42/q + (-8)/(-44)?
4
Suppose 13 = -4*s + 89. Let p = -17 + s. Suppose -p*t + 40 = 3*t. What is the units digit of t?
8
Let u = 8055 - 5472. What is the hundreds digit of u?
5
Suppose 2*s = -2*m + 170, -2*m = -4*m - 5*s + 167. Let y(x) = x**3 + 5*x**2 - 5*x + 9. Let f be y(-7). Let a = m + f. What is the tens digit of a?
3
Suppose 4*c + 3*j - 7026 = 0, -5*c + 6273 = -5*j - 2527. What is the tens digit of c?
5
Let u(o) = o**3 - 4*o**2 - 3. Let y be u(4). Let g be (-3 - 0 - y)/3. Suppose -5*f - 3 + 28 = g. What is the units digit of f?
5
Let v = 6 + 133. What is the hundreds digit of v?
1
Let l be ((-353)/4)/(31/(-372)). Suppose 27 = 6*g - l. What is the units digit of g?
1
Let k(a) = 9*a**2 + 2. Suppose -4*t - 112 = -36. Let c = -17 - t. What is the tens digit of k(c)?
3
Suppose 1 + 119 = -5*d. What is the units digit of (57/6)/((-6)/d)?
8
Let z be (2 - 1)*(13 + 3). Suppose 5*r - z = 4*n + 10, 14 = -r - 4*n. Suppose -r*q + 90 = q. What is the tens digit of q?
3
Let s = 3676 - 1910. What is the tens digit of s?
6
Let o be ((-10)/15)/((-4)/54). Suppose -4*u + 45 = -o*u. Let j = u + 29. What is the units digit of j?
0
Let v be 4019 - (5 - 10) - 3. Suppose -18*r = 907 - v. What is the units digit of r?
3
Let i(x) = x**3 + 9*x**2 - 4*x + 7. Let y be i(-6). Suppose d - 3*m = -4*d - y, -d - 39 = 5*m. Let q = -19 - d. What is the units digit of q?
0
Let l(q) = q**3 - 25*q**2 - 22*q - 62. What is the units digit of l(29)?
4
Let w(s) = -s**3 + 16*s**2 - 18*s + 27. Let d be w(13). Suppose 0 = -7*p + 498 + d. What is the units digit of p?
4
Suppose -4*s + 4870 = 5*p, -2*s + 0*s = -4*p - 2448. What is the thousands digit of s?
1
Let y(z) = z**2 - z + 5. Let r be y(0). Suppose 5 = -r*m + 395. What is the units digit of m?
8
Let l(o) = 2*o**2 + 6*o - 3. Suppose 7*m = 9*m + 10. What is the tens digit of l(m)?
1
What is the units digit of 44/(-8)*89/2*-4?
9
Let w = 855 + -590. What is the units digit of w?
5
Let d = -15 + 20. Suppose 4*m = -2*f - 6, 0*m + m = -d*f - 6. What is the units digit of 70/8 - m/4?
9
Let x(d) = 433*d - 121. What is the units digit of x(5)?
4
Suppose -3*y = -2*y. Suppose 3*q = -y*q + 126. What is the units digit of q?
2
Suppose -5*w + l - 15 = 0, 5*w + 4*l = -0*l - 15. What is the tens digit of (10/w)/((-7)/126)?
6
Let q = -16 - -37. Suppose -4*f + q = 5. What is the units digit of f?
4
Let k(h) = -3*h - 23. Let g(x) = -x**3 + 9*x**2 - 8*x + 2. Let c be g(8). Suppose 0 = 2*m + c*m + 32. What is the units digit of k(m)?
1
Let x be (-4 - (5 + -3))/(-2). Suppose z + 0*z = 1, x*z + 111 = -2*a. Let c = a + 115. What is the tens digit of c?
5
Suppose q - 52 = 3*n, -4*n = -2*q - 2*q + 248. Suppose 0 = -4*l + 3*o + 72, -q - 8 = -3*l - 3*o. Let h = l - -4. What is the tens digit of h?
2
Let j = 441 + -330. What is the hundreds digit of j?
1
Suppose -2*z + 483 - 25 = 0. What is the units digit of z?
9
Suppose -5*b + 25 = 2*a - 0*a, 4*b = -3*a + 20. Suppose 132 = b*f - 1013. What is the tens digit of f?
2
What is the hundreds digit of (-34 - -4468) + (-2 - -1) + 3?
4
Suppose 0 = 3*h + i - 6647, -3*h + 8852 = h + 4*i. What is the units digit of h?
7
Suppose 2*k - 5*f - 105 = k, k + f - 135 = 0. Suppose -o + 53 = 4*l, -2*o - l + k = -5*l. What is the tens digit of o?
6
What is the units digit of 3484/5 - (-354)/295?
8
Suppose 10*r - 1737 = 3823. What is the units digit of r?
6
Suppose 63*y - 2066 = 61*y. What is the thousands digit of y?
1
Let h = 31 - 43. Let m = h - -25. Let n(r) = 2*r - 1. What is the units digit of n(m)?
5
Let n(o) be the first derivative of 14*o - 4 - 1/2*o**2. What is the units digit of n(8)?
6
Let w be (-3)/(-2 + 38/18). Let d = -67 - w. What is the units digit of (-72)/10*d/12?
4
Let w = -94 + 96. Suppose 2*b + 2*m - 326 = 0, -2*b + w*m - 75 = -421. What is the tens digit of b?
6
Let z be ((-232)/(-20))/(1/(-15)). Let c = z - -259. What is the tens digit of c?
8
Let l(o) = o**2 + 8*o - 14. Let y(c) = c**3 - c**2 + 3*c - 2. Let f be y(2). Suppose 2 + f = -a. What is the units digit of l(a)?
6
Let c(g) = g**3 - 4*g**2 - g + 6. Let u be c(4). Suppose q - 5*i - 64 = 0, -i = -u*q - 6*i + 203. What is the tens digit of q?
8
Let o = 96 + 487. What is the hundreds digit of o?
5
Suppose -3*m - 20 = 2*c, -2*m - 34 - 11 = -5*c. What is the tens digit of -2*1/(m/155)?
3
Let q(s) = -56*s - 202. What is the units digit of q(-17)?
0
Let w = -21 - -446. What is the tens digit of w?
2
Let h = 3438 - 2295. What is the tens digit of h?
4
Let k = 115 - 93. Suppose k*t = 17*t + 1010. What is the